{"id":37,"date":"2025-11-25T17:43:56","date_gmt":"2025-11-25T17:43:56","guid":{"rendered":"https:\/\/plaisirdecrire.com\/?page_id=37"},"modified":"2026-04-13T06:42:47","modified_gmt":"2026-04-13T06:42:47","slug":"seances-accompagnement","status":"publish","type":"page","link":"https:\/\/plaisirdecrire.com\/index.php\/seances-accompagnement\/","title":{"rendered":"S\u00e9ances &#038; accompagnement"},"content":{"rendered":"<h1 style=\"color:#9aba98;\" class=\"has-text-align-center has-link-color wp-elements-334db0b1e78963f4263889818b87cd4c wp-block-post-title has-text-color\">S\u00e9ances &#038; accompagnement<\/h1>\n\n\n<h2 class=\"wp-block-heading has-text-color has-link-color has-large-font-size wp-elements-fc8e4f64614cc35b35a49df9481a7759\" style=\"color:#9aba98;margin-top:1.6rem;margin-right:0;margin-bottom:1.6rem;margin-left:0\"><\/h2>\n\n\n\n<figure class=\"wp-block-image alignright size-large is-resized\"><img loading=\"lazy\" decoding=\"async\" width=\"1024\" height=\"662\" src=\"https:\/\/plaisirdecrire.com\/wp-content\/uploads\/2026\/03\/Capture-decran-2026-03-12-a-22.16.01-1024x662.png\" alt=\"\" class=\"wp-image-210\" style=\"aspect-ratio:1.547311379741559;width:443px;height:auto\" srcset=\"https:\/\/plaisirdecrire.com\/wp-content\/uploads\/2026\/03\/Capture-decran-2026-03-12-a-22.16.01-1024x662.png 1024w, https:\/\/plaisirdecrire.com\/wp-content\/uploads\/2026\/03\/Capture-decran-2026-03-12-a-22.16.01-300x194.png 300w, https:\/\/plaisirdecrire.com\/wp-content\/uploads\/2026\/03\/Capture-decran-2026-03-12-a-22.16.01-768x497.png 768w, https:\/\/plaisirdecrire.com\/wp-content\/uploads\/2026\/03\/Capture-decran-2026-03-12-a-22.16.01.png 1110w\" sizes=\"auto, (max-width: 1024px) 100vw, 1024px\" \/><\/figure>\n\n\n\n<h2 class=\"wp-block-heading has-text-color has-link-color wp-elements-6f8b7a7ca90ec308dee1234b97860293\" style=\"color:#6b3929;text-transform:none\">1. Appel d\u00e9couverte gratuit (15 min)<\/h2>\n\n\n\n<p style=\"text-transform:none\">Un premier \u00e9change t\u00e9l\u00e9phonique permet de faire connaissance, d\u2019\u00e9couter votre demande et de mieux comprendre les difficult\u00e9s rencontr\u00e9es par votre enfant.<\/p>\n\n\n\n<p style=\"text-transform:none\">Cet appel est aussi l\u2019occasion de vous pr\u00e9senter ma d\u00e9marche, de r\u00e9pondre \u00e0 vos questions et de v\u00e9rifier ensemble que l\u2019accompagnement propos\u00e9 correspond \u00e0 vos attentes.<\/p>\n\n\n\n<h2 class=\"wp-block-heading has-text-color has-link-color wp-elements-c6522612b79cffc3579a4817367e6f51\" style=\"color:#6b3929;text-transform:none\">2. Questionnaire d\u2019anamn\u00e8se<\/h2>\n\n\n\n<p style=\"text-transform:none\">Suite \u00e0 cet \u00e9change, un questionnaire vous est envoy\u00e9 par mail.<br>Il permet de recueillir des informations essentielles sur le parcours de votre enfant, ses habitudes d\u2019\u00e9criture et son quotidien.<br>Ce temps de r\u00e9flexion est pr\u00e9cieux pour pr\u00e9parer au mieux la rencontre.<\/p>\n\n\n\n<h2 class=\"wp-block-heading has-text-color has-link-color wp-elements-a7c6bc167ad4820b41bb93917678bdf0\" style=\"color:#6b3929;text-transform:none\">3. Bilan de l\u2019\u00e9criture manuscrite (1h30)<\/h2>\n\n\n\n<p style=\"text-transform:none\">Cette s\u00e9ance est consacr\u00e9e \u00e0 une observation compl\u00e8te de l\u2019\u00e9criture.<\/p>\n\n\n\n<p style=\"text-transform:none\">Le bilan permet notamment d\u2019observer :<\/p>\n\n\n\n<ul class=\"wp-block-list\">\n<li style=\"text-transform:lowercase\">la posture et l\u2019installation pour \u00e9crire<\/li>\n\n\n\n<li style=\"text-transform:lowercase\">la tenue du stylo<\/li>\n\n\n\n<li style=\"text-transform:lowercase\">le geste d\u2019\u00e9criture<\/li>\n\n\n\n<li style=\"text-transform:lowercase\">la vitesse et la lisibilit\u00e9 de l\u2019\u00e9criture<\/li>\n\n\n\n<li style=\"text-transform:lowercase\">les strat\u00e9gies de copie ou de production d\u2019\u00e9crit<\/li>\n<\/ul>\n\n\n\n<h2 class=\"wp-block-heading has-text-color has-link-color wp-elements-085c4ee80609891e3c6b7ce23dbc1ddb\" style=\"color:#6b3929;text-transform:none\">4. Restitution du bilan (45 min)<\/h2>\n\n\n\n<p style=\"text-transform:none\">Un temps d\u2019\u00e9change permet de pr\u00e9senter les observations issues du bilan.<br>Nous discutons ensemble des besoins identifi\u00e9s et de la mise en place \u00e9ventuelle d\u2019un accompagnement en rem\u00e9diation de l\u2019\u00e9criture.<\/p>\n\n\n\n<h2 class=\"wp-block-heading has-text-color has-link-color wp-elements-f22522e25ee252d08906da72883c0385\" style=\"color:#6b3929;text-transform:none\">5. S\u00e9ances de rem\u00e9diation (1h)<\/h2>\n\n\n\n<p style=\"text-transform:none\">Si cela est pertinent, un accompagnement personnalis\u00e9 peut \u00eatre propos\u00e9.<\/p>\n\n\n\n<p style=\"text-transform:none\">Les s\u00e9ances permettent progressivement de :<\/p>\n\n\n\n<ul class=\"wp-block-list\">\n<li style=\"text-transform:none\">retrouver un geste d\u2019\u00e9criture plus fluide<\/li>\n\n\n\n<li style=\"text-transform:none\">am\u00e9liorer la lisibilit\u00e9<\/li>\n\n\n\n<li style=\"text-transform:none\">gagner en confort<\/li>\n\n\n\n<li style=\"text-transform:none\">retrouver confiance dans l\u2019\u00e9criture<\/li>\n<\/ul>\n\n\n\n<p style=\"text-transform:none\">Le rythme des s\u00e9ances est adapt\u00e9 \u00e0 chaque enfant.<\/p>\n\n\n\n<h2 class=\"wp-block-heading has-text-color has-link-color wp-elements-16dbdc256c7ed2b16e8605b2ad00fdbb\" style=\"color:#9dc3a9\">Tarifs<\/h2>\n\n\n\n<p style=\"text-transform:none\">Le bilan de l\u2019\u00e9criture (1h30) est propos\u00e9 au tarif de 130 \u20ac.<br>Il comprend \u00e9galement le temps de restitution avec les parents.<\/p>\n\n\n\n<p style=\"text-transform:none\">Les s\u00e9ances d\u2019accompagnement sont au tarif de 50 \u20ac (1 heure). Elles sont mises en place uniquement \u00e0 la suite d\u2019un bilan de l\u2019\u00e9criture r\u00e9alis\u00e9 au pr\u00e9alable.<\/p>\n\n\n\n<p style=\"text-transform:none\">Le rythme des s\u00e9ances est d\u00e9fini en fonction des besoins de chaque enfant.<\/p>\n\n\n\n<p><\/p>\n","protected":false},"excerpt":{"rendered":"<p>1. Appel d\u00e9couverte gratuit (15 min) Un premier \u00e9change t\u00e9l\u00e9phonique permet de faire connaissance, d\u2019\u00e9couter votre demande et de mieux [&hellip;]<\/p>\n","protected":false},"author":1,"featured_media":0,"parent":0,"menu_order":0,"comment_status":"closed","ping_status":"closed","template":"","meta":{"site-sidebar-layout":"default","site-content-layout":"","ast-site-content-layout":"default","site-content-style":"default","site-sidebar-style":"default","ast-global-header-display":"","ast-banner-title-visibility":"","ast-main-header-display":"","ast-hfb-above-header-display":"","ast-hfb-below-header-display":"","ast-hfb-mobile-header-display":"","site-post-title":"","ast-breadcrumbs-content":"","ast-featured-img":"","footer-sml-layout":"","theme-transparent-header-meta":"","adv-header-id-meta":"","stick-header-meta":"","header-above-stick-meta":"","header-main-stick-meta":"","header-below-stick-meta":"","astra-migrate-meta-layouts":"default","ast-page-background-enabled":"default","ast-page-background-meta":{"desktop":{"background-color":"var(--ast-global-color-5)","background-image":"","background-repeat":"repeat","background-position":"center center","background-size":"auto","background-attachment":"scroll","background-type":"","background-media":"","overlay-type":"","overlay-color":"","overlay-opacity":"","overlay-gradient":""},"tablet":{"background-color":"","background-image":"","background-repeat":"repeat","background-position":"center center","background-size":"auto","background-attachment":"scroll","background-type":"","background-media":"","overlay-type":"","overlay-color":"","overlay-opacity":"","overlay-gradient":""},"mobile":{"background-color":"","background-image":"","background-repeat":"repeat","background-position":"center center","background-size":"auto","background-attachment":"scroll","background-type":"","background-media":"","overlay-type":"","overlay-color":"","overlay-opacity":"","overlay-gradient":""}},"ast-content-background-meta":{"desktop":{"background-color":"var(--ast-global-color-4)","background-image":"","background-repeat":"repeat","background-position":"center center","background-size":"auto","background-attachment":"scroll","background-type":"","background-media":"","overlay-type":"","overlay-color":"","overlay-opacity":"","overlay-gradient":""},"tablet":{"background-color":"var(--ast-global-color-4)","background-image":"","background-repeat":"repeat","background-position":"center center","background-size":"auto","background-attachment":"scroll","background-type":"","background-media":"","overlay-type":"","overlay-color":"","overlay-opacity":"","overlay-gradient":""},"mobile":{"background-color":"var(--ast-global-color-4)","background-image":"","background-repeat":"repeat","background-position":"center center","background-size":"auto","background-attachment":"scroll","background-type":"","background-media":"","overlay-type":"","overlay-color":"","overlay-opacity":"","overlay-gradient":""}},"footnotes":""},"class_list":["post-37","page","type-page","status-publish","hentry"],"_links":{"self":[{"href":"https:\/\/plaisirdecrire.com\/index.php\/wp-json\/wp\/v2\/pages\/37","targetHints":{"allow":["GET"]}}],"collection":[{"href":"https:\/\/plaisirdecrire.com\/index.php\/wp-json\/wp\/v2\/pages"}],"about":[{"href":"https:\/\/plaisirdecrire.com\/index.php\/wp-json\/wp\/v2\/types\/page"}],"author":[{"embeddable":true,"href":"https:\/\/plaisirdecrire.com\/index.php\/wp-json\/wp\/v2\/users\/1"}],"replies":[{"embeddable":true,"href":"https:\/\/plaisirdecrire.com\/index.php\/wp-json\/wp\/v2\/comments?post=37"}],"version-history":[{"count":21,"href":"https:\/\/plaisirdecrire.com\/index.php\/wp-json\/wp\/v2\/pages\/37\/revisions"}],"predecessor-version":[{"id":334,"href":"https:\/\/plaisirdecrire.com\/index.php\/wp-json\/wp\/v2\/pages\/37\/revisions\/334"}],"wp:attachment":[{"href":"https:\/\/plaisirdecrire.com\/index.php\/wp-json\/wp\/v2\/media?parent=37"}],"curies":[{"name":"wp","href":"https:\/\/api.w.org\/{rel}","templated":true}]}}