{"id":43,"date":"2025-11-25T17:44:25","date_gmt":"2025-11-25T17:44:25","guid":{"rendered":"https:\/\/plaisirdecrire.com\/?page_id=43"},"modified":"2026-04-14T10:37:38","modified_gmt":"2026-04-14T10:37:38","slug":"contact","status":"publish","type":"page","link":"https:\/\/plaisirdecrire.com\/index.php\/contact\/","title":{"rendered":"PRENDRE RENDEZ-VOUS"},"content":{"rendered":"\n<h2 class=\"wp-block-heading has-text-color has-link-color wp-elements-1c3c7df47403f1ad174f3a7fa6467ff6\" style=\"color:#a16f46\">PRENDRE CONTACT<\/h2>\n\n\n\n<p style=\"text-transform:none\">Vous pouvez me contacter de deux fa\u00e7ons :<\/p>\n\n\n\n<p style=\"text-transform:none\">\ud83d\udc49&nbsp;<strong>R\u00e9server un appel d\u00e9couverte<\/strong><br>Un premier \u00e9change t\u00e9l\u00e9phonique gratuit (15 minutes) permet de faire connaissance, de comprendre votre demande et de vous orienter au mieux.<\/p>\n\n\n\n<p class=\"has-ast-global-color-3-color has-text-color\" style=\"text-transform:none\">\ud83d\udc49&nbsp;<strong>Me contacter par email<\/strong><br>Pour toute question ou demande d\u2019information, vous pouvez \u00e9galement m\u2019\u00e9crire \u00e0 l\u2019adresse suivante : <a href=\"mailto:contact.plasirdecrire@gmail.com\"><strong>contact.plasirdecrire@gmail.com<\/strong><\/a><br><br>Je vous r\u00e9pondrai avec attention dans les plus brefs d\u00e9lais.<\/p>\n\n\n<h2 style=\"color:#a16f46;\" class=\"has-link-color wp-elements-34744e7d335169e1692d0fcd90e823d6 wp-block-post-title has-text-color\">PRENDRE RENDEZ-VOUS<\/h2>\n\n\n<p style=\"text-transform:none\">Pour plus de simplicit\u00e9, vous avez la possibilit\u00e9 de r\u00e9server directement un appel d\u00e9couverte en ligne :<\/p>\n\n\n\n<div class=\"wp-block-buttons is-content-justification-center is-layout-flex wp-container-core-buttons-is-layout-a89b3969 wp-block-buttons-is-layout-flex\">\n<div class=\"wp-block-button\"><a class=\"wp-block-button__link has-white-color has-text-color has-background has-link-color has-text-align-center wp-element-button\" href=\"https:\/\/calendly.com\/contact-plaisirdecrire\/30min\" style=\"background-color:#9dc3a9\">prende rendez-vous<\/a><\/div>\n<\/div>\n\n\n\n<h2 class=\"wp-block-heading has-text-color has-link-color wp-elements-f834e2f19259108f07c1f5a5899cc48a\" style=\"color:#a16f46\">D\u00c9ROULEMENT<\/h2>\n\n\n\n<p style=\"text-transform:none\">Le premier contact se fait par un appel d\u00e9couverte. \u00c0 l\u2019issue de cet \u00e9change, un bilan de l\u2019\u00e9criture peut \u00eatre propos\u00e9 si cela est pertinent.<br>Les rendez-vous pour les bilans et les s\u00e9ances de rem\u00e9diation sont ensuite fix\u00e9s directement ensemble.<\/p>\n\n\n\n<div style=\"height:0px\" aria-hidden=\"true\" class=\"wp-block-spacer\"><\/div>\n\n\n\n<h2 class=\"wp-block-heading has-text-color has-link-color wp-elements-9a07164e064cb5b0f4283618f0e3f27e\" style=\"color:#a16f46\">Lieu des s\u00e9ances<\/h2>\n\n\n\n<p style=\"text-transform:none\"><strong>Les s\u00e9ances ont lieu \u00e0 :<\/strong><\/p>\n\n\n\n<p style=\"text-transform:none\"><strong>\u00c9COLE LOUQMAN<br><\/strong>138 avenue Pablo Picasso <br>92000 Nanterre<br><br>Les rendez-vous sont propos\u00e9s uniquement <strong>le mercredi apr\u00e8s-midi.<\/strong><\/p>\n\n\n\n<p><\/p>\n","protected":false},"excerpt":{"rendered":"<p>PRENDRE CONTACT Vous pouvez me contacter de deux fa\u00e7ons : \ud83d\udc49&nbsp;R\u00e9server un appel d\u00e9couverteUn premier \u00e9change t\u00e9l\u00e9phonique gratuit (15 minutes) [&hellip;]<\/p>\n","protected":false},"author":1,"featured_media":0,"parent":0,"menu_order":0,"comment_status":"closed","ping_status":"closed","template":"","meta":{"site-sidebar-layout":"default","site-content-layout":"","ast-site-content-layout":"default","site-content-style":"default","site-sidebar-style":"default","ast-global-header-display":"","ast-banner-title-visibility":"","ast-main-header-display":"","ast-hfb-above-header-display":"","ast-hfb-below-header-display":"","ast-hfb-mobile-header-display":"","site-post-title":"","ast-breadcrumbs-content":"","ast-featured-img":"","footer-sml-layout":"","ast-disable-related-posts":"","theme-transparent-header-meta":"","adv-header-id-meta":"","stick-header-meta":"","header-above-stick-meta":"","header-main-stick-meta":"","header-below-stick-meta":"","astra-migrate-meta-layouts":"default","ast-page-background-enabled":"default","ast-page-background-meta":{"desktop":{"background-color":"var(--ast-global-color-5)","background-image":"","background-repeat":"repeat","background-position":"center center","background-size":"auto","background-attachment":"scroll","background-type":"","background-media":"","overlay-type":"","overlay-color":"","overlay-opacity":"","overlay-gradient":""},"tablet":{"background-color":"","background-image":"","background-repeat":"repeat","background-position":"center center","background-size":"auto","background-attachment":"scroll","background-type":"","background-media":"","overlay-type":"","overlay-color":"","overlay-opacity":"","overlay-gradient":""},"mobile":{"background-color":"","background-image":"","background-repeat":"repeat","background-position":"center center","background-size":"auto","background-attachment":"scroll","background-type":"","background-media":"","overlay-type":"","overlay-color":"","overlay-opacity":"","overlay-gradient":""}},"ast-content-background-meta":{"desktop":{"background-color":"var(--ast-global-color-4)","background-image":"","background-repeat":"repeat","background-position":"center center","background-size":"auto","background-attachment":"scroll","background-type":"","background-media":"","overlay-type":"","overlay-color":"","overlay-opacity":"","overlay-gradient":""},"tablet":{"background-color":"var(--ast-global-color-4)","background-image":"","background-repeat":"repeat","background-position":"center center","background-size":"auto","background-attachment":"scroll","background-type":"","background-media":"","overlay-type":"","overlay-color":"","overlay-opacity":"","overlay-gradient":""},"mobile":{"background-color":"var(--ast-global-color-4)","background-image":"","background-repeat":"repeat","background-position":"center center","background-size":"auto","background-attachment":"scroll","background-type":"","background-media":"","overlay-type":"","overlay-color":"","overlay-opacity":"","overlay-gradient":""}},"footnotes":""},"class_list":["post-43","page","type-page","status-publish","hentry"],"_links":{"self":[{"href":"https:\/\/plaisirdecrire.com\/index.php\/wp-json\/wp\/v2\/pages\/43","targetHints":{"allow":["GET"]}}],"collection":[{"href":"https:\/\/plaisirdecrire.com\/index.php\/wp-json\/wp\/v2\/pages"}],"about":[{"href":"https:\/\/plaisirdecrire.com\/index.php\/wp-json\/wp\/v2\/types\/page"}],"author":[{"embeddable":true,"href":"https:\/\/plaisirdecrire.com\/index.php\/wp-json\/wp\/v2\/users\/1"}],"replies":[{"embeddable":true,"href":"https:\/\/plaisirdecrire.com\/index.php\/wp-json\/wp\/v2\/comments?post=43"}],"version-history":[{"count":19,"href":"https:\/\/plaisirdecrire.com\/index.php\/wp-json\/wp\/v2\/pages\/43\/revisions"}],"predecessor-version":[{"id":351,"href":"https:\/\/plaisirdecrire.com\/index.php\/wp-json\/wp\/v2\/pages\/43\/revisions\/351"}],"wp:attachment":[{"href":"https:\/\/plaisirdecrire.com\/index.php\/wp-json\/wp\/v2\/media?parent=43"}],"curies":[{"name":"wp","href":"https:\/\/api.w.org\/{rel}","templated":true}]}}